be (-1)/(6/(-4) - -2). Determine v(h).
10
Let w(v) = -5*v + 1. Suppose 0 = 9*t - 10*t + 3. Determine w(t).
-14
Let x = 4 + -1. Suppose 3*t + 6 = -x. Let z(w) = -w**3 - 2*w**2 + 4*w - 1. Calculate z(t).
-4
Let x(i) = -i - 1. Let j(l) = 1. Let o(a) = -2*j(a) - 3*x(a). Let n be o(1). Let z(v) = 5*v - v**2 + 3*v - n*v. Give z(4).
0
Let s be (-2 + 6/4)*-2. Let i(c) = s - 1 - 13*c**3 + c + 5*c**3. Determine i(-1).
7
Let i(k) = k - 3. Let o be 1/2 - (-3)/2. Let p = 2 - o. What is i(p)?
-3
Let v(c) be the second derivative of -c**3/6 + c**2 - c. Suppose 3*w = 9, -13*m = -16*m + 2*w. Calculate v(m).
0
Let j be (-1)/((2/3)/(-2)). Let k(w) = w**3 - 3*w**2 - 2*w. Give k(j).
-6
Let f(o) = 6*o**2 - 2*o - 1. Let y be -10 - -8 - (0 + (1 - 2)). Determine f(y).
7
Let x(q) = -4*q**3 - 11*q**2 + 8*q + 11. Let d(a) = a**3 + 4*a**2 - 3*a - 4. Let k(v) = 8*d(v) + 3*x(v). Calculate k(-1).
4
Let b(v) be the second derivative of v**7/840 - 7*v**6/360 + v**5/24 + v**4/24 + v**3/6 - 5*v. Let g(s) be the second derivative of b(s). Determine g(6).
-5
Suppose -3*b = -2*n + 9, -b - b = n + 13. Let p(k) = -k**2 + 5*k + 3. Determine p(n).
-21
Let a(d) be the first derivative of d**2/2 + d - 1. Let g(o) = -2*o**3 - 5*o**2 - 5*o. Let x be g(-2). What is a(x)?
7
Let z = -17 + 14. Let l(g) = g**3 + 2*g**2 + g + 2. Calculate l(z).
-10
Let o(q) = -q**2 - 21*q - 44. Let r be o(-19). Let z(v) = v**2 + 9*v + 9. Calculate z(r).
-9
Let k(i) = -i - 3. Let y = 17 + -19. What is k(y)?
-1
Suppose 0 = -h + 5*t + 24 - 4, 2*h = -2*t - 8. Suppose -w - w + 8 = h. Let l(j) = -j**2 + 3*j + 1. Determine l(w).
-3
Let j = 16 + -9. Let d = j - 11. Let y(u) = -2*u - 3. Let p(v) = v + 1. Let z(g) = -3*p(g) - 3*y(g). What is z(d)?
-6
Let y be (4/(-10))/((-1)/5). Let j = -3 + y. Let b be -1 - (-2 + 3) - j. Let w(s) = -3*s**3 + s + 1. Calculate w(b).
3
Suppose 2 = -5*g - 23. Let d(s) = -2 + 0*s + s + 10. Give d(g).
3
Let k(d) be the third derivative of d**6/120 - d**5/12 - 5*d**4/24 - 7*d**3/6 - 2*d**2. Suppose -o = 4*h - 14, h - 2*h = 4*o - 26. Calculate k(o).
-1
Suppose 0 = -5*g + 11 + 4. Suppose n = g*n + 8. Let a(z) = -z**2 - 4*z - 1. What is a(n)?
-1
Let f = 18 - 14. Let l(d) be the first derivative of d**6/360 - d**5/30 - 5*d**4/24 - d**3/3 + 2. Let b(o) be the third derivative of l(o). Determine b(f).
-5
Let x(h) be the first derivative of h**3/3 - 2*h + 50. Let a = 3 + 0. Suppose a*p - 9 = -0*p. What is x(p)?
7
Let z(h) be the second derivative of 0 - h - 5/3*h**3 + 1/2*h**2. Suppose -u + 3 = -3*u + g, -2*g = -10. Determine z(u).
-9
Let i(a) = a**3 - 6*a**2 + a - 4. Let h(z) = -z**2 + z + 5. Let t be h(0). Suppose -3*q - 3*j + 24 = -t*j, 4*q - j - 27 = 0. Give i(q).
2
Let j(f) be the second derivative of f**4/4 + 2*f**3/3 - 3*f**2 - f. Let u(i) = 2*i**2 + 5*i - 7. Let v(y) = -6*j(y) + 5*u(y). Give v(-1).
-8
Let f(o) = -o + 4. Let r(l) be the second derivative of -5*l**3/6 + 10*l**2 - 2*l. Suppose 0*q = 2*q + 22. Let i(a) = q*f(a) + 2*r(a). Calculate i(0).
-4
Let b = 8 + -3. Let n(o) = -o**3 + 6*o**2 - 6*o + 5. Calculate n(b).
0
Suppose 0 = 2*l + 3*f - 5 - 0, -f = l - 4. Let i(y) be the second derivative of -y**4/12 + y**3 + y**2/2 - 9*y. Calculate i(l).
-6
Let p(b) = -b**3 - 5*b + 5 + 18*b + 4*b**2 - 6*b - 8*b. Give p(5).
-25
Let k(w) = 4*w**2 - 1. Let d(a) = 3*a**2 - 1. Let t(y) = 3*d(y) - 2*k(y). Give t(2).
3
Suppose -2*q = -q. Let i(j) = j + 3. What is i(q)?
3
Let d be (2 + 0)*2/4. Suppose d = 4*z - 3. Let w(k) = 7*k**2 + 2*k - 1. Calculate w(z).
8
Suppose -f - t - 5 = -3*f, 5*t + 25 = 0. Suppose 0*o + 4*o + 16 = f. Let a(i) = -i**3 - 3*i**2 + 3*i + 4. Give a(o).
8
Let x(h) = h**2 + 5*h - 17. Let a be x(-7). Let m(t) = t - 2. Calculate m(a).
-5
Let k(s) = 2*s + 1. Let i(q) = -q**3 + 13*q**2 - 13*q + 16. Let y be i(12). Determine k(y).
9
Let r(m) = -m**2 + m + 11. Let o be 0/(0/(-1) + -2). Suppose -t = -o*t. What is r(t)?
11
Let h(r) be the second derivative of r**4/2 - 5*r. Determine h(-1).
6
Suppose 0 = -c - 2 + 3. Suppose -4*x = 4*z - 5*z + 7, 2*z = x. Let w be z*(2 + c/1). Let a(p) = p**3 + 4*p**2 + 2*p. Calculate a(w).
3
Let q(l) = -l**3 + 5*l**2 + 6*l + 2. Let s(k) = -k**3 + 6*k**2 - k + 12. Let d be s(6). Calculate q(d).
2
Suppose -5*x + w + 95 = 0, 6*w + 75 = 5*x + w. Suppose 4*k = -0*k + x. Let g(c) = -c**2 + 4*c + 6. What is g(k)?
1
Let p(g) be the first derivative of g**2/2 + 2*g - 1. Suppose -55 = -0*b - 5*b. Let m = b - 6. Give p(m).
7
Let k be 4/(-18) + (-8)/(-36). Suppose k = -b + 6*b - i - 25, 4*b = -5*i + 20. Let s(p) = 2*p**2 - p**2 + 5 + 0*p**2 - b*p + 0*p**2. Calculate s(5).
5
Suppose 6*r = 15 - 9. Let j(z) = 7*z + 1. Give j(r).
8
Suppose -3*m - 40 = -11*m. Let f(o) = 3*o - 1. Calculate f(m).
14
Let g(l) = l**3 + 1993*l + 10 - 1993*l - 5 + 5*l**2. Determine g(-5).
5
Let z(w) = -w**3 + 6*w**2 - 4*w + 1. Suppose -5 = 3*b - 4*b. Let r be z(b). Let v(a) = a**2 - 6*a - 4. Determine v(r).
-4
Let t(g) be the first derivative of -g**3/6 + g**2 - g - 3. Let h(r) be the first derivative of t(r). What is h(4)?
-2
Suppose 13 = 3*u - 4*w, -5*w - 7 = -5*u + 13. Suppose -4*c = f + 1, 4*c + 13 = -u*f + 2. Let g(q) = -1 + 5 - q**3 - 3 + 0*q - q. Give g(c).
-1
Let a(c) = 3*c - 9. Let m(d) = 2*d - 5. Let n(z) = -2*a(z) + 5*m(z). Give n(7).
21
Let c(u) = u**3 - 9*u**2 + 10*u - 9. Let l be 108/14 - (80/(-35) + 2). Give c(l).
7
Let q = 5 - 1. Suppose 0*g + q = 4*g. Let u(f) = -7*f - 1. Give u(g).
-8
Let x(v) = 4*v**2 - 12*v - 6. Let d(a) = 7*a - 6 + 2 + a**2 - 6 + 3. Let c be d(-8). Let i(l) = l**2 - l. Let z(p) = c*x(p) - 5*i(p). Determine z(-4).
6
Let y(i) be the second derivative of -i**3/6 - i**2 - 3*i. Let w be (-2 - -4 - 4) + -4. Let a be 4/((-8)/w) + 2. Calculate y(a).
-7
Let i(w) be the second derivative of -w**6/360 - w**5/30 + w**4/24 + 2*w**3/3 + 7*w. Let t(v) be the second derivative of i(v). Determine t(-3).
4
Suppose 5*x = 2*m - 5, -x + m - 1 = -m. Let i(f) = -f + 2. Let o(t) = -7*t + 13. Let j(n) = -39*i(n) + 6*o(n). Give j(x).
3
Let n(d) = d**3 - 8*d**2 + 6*d + 10. Suppose -2 = -y + g + 5, 3*y = -3*g + 21. Let u be n(y). Let v(f) = 0*f + 2*f**u + f**2 + f**3 + f + 1. Determine v(-1).
-2
Suppose 0 = k + 2*d - 6, -3*k - 4*d + 8 = -2*k. Let u(m) = -m + 4. Let i be u(k). Let n(o) = 3*o - o - o - 2. Determine n(i).
-2
Let v(k) = k**2 - 2*k**2 + 4 + 4*k - 2 - 5*k. Calculate v(0).
2
Let h(l) be the third derivative of l**7/840 + l**6/90 - l**5/40 + l**4/24 - l**3/2 - 4*l**2. Let t(d) be the first derivative of h(d). What is t(-4)?
13
Let c(f) = 52*f**3 - 13*f**2 - 13. Let w(u) = 17*u**3 - 4*u**2 - 4. Let x(g) = 4*c(g) - 13*w(g). Give x(-1).
13
Let o(b) = -3*b**3 + 8*b**2 - 3*b + 7. Suppose 16 = 5*y - y. Let v(m) = -7*m**3 + 17*m**2 - 6*m + 14. Let r(k) = y*v(k) - 9*o(k). What is r(-5)?
3
Suppose 3*b = -b - 12. Let t = -1 - b. Let f(m) = m**3 - 3*m**2 + 3*m. Give f(t).
2
Let l be (-3 + -1)/((-2)/(-2)). Let y(p) be the second derivative of -p**4/12 - 2*p**3/3 - 5*p**2/2 - 21*p. What is y(l)?
-5
Let i(y) be the second derivative of y**3/6 - y**2 + 2*y. Suppose -3*c + 9 + 9 = 0. Calculate i(c).
4
Let n(i) be the third derivative of -i**5/60 - i**4/24 + i**3/3 + 8*i**2. Suppose 6*x - x - 15 = 0. What is n(x)?
-10
Suppose 5*t = 2*p + 2 + 18, -4*t = -5*p - 33. Let g(q) = -3*q**2 + 2*q. Calculate g(t).
-8
Let p = -77 - -69. Let i(j) = -j**3 - 8*j**2 - j - 10. Calculate i(p).
-2
Let b(p) = -2*p**2 - 8*p + 5. Let j = 10 - 16. Determine b(j).
-19
Let v(c) = -c**2 + c. Suppose 5*g - 3*g = 6. Suppose 2*u + 10 = -2*l, 0 = -l - g*u + u - 10. Determine v(l).
0
Suppose -3*l - 2 + 23 = 0. Let q = 11 - l. Let d(v) = -v. Let g be d(q). Let n(a) = a**2 + 2*a - 2. Calculate n(g).
6
Suppose 3*n - 23 = 2*d, -18 = -0*n - 2*n + 2*d. Suppose n = -3*v + 2*v, j = -2*v - 3. Let h(b) = -j*b + 4*b + 4*b. Determine h(-5).
-5
Let m(h) = -2*h**2 + 4*h. Let y(b) = 4*b**2 - 7*b. Let g(x) = 7*m(x) + 4*y(x). Let j be ((-4)/6)/(2/(-6)). What is g(j)?
8
Let b(z) = -z**3 + 4*z**2 - 3*z + 6. Let d = 39 + -35. Determine b(d).
-6
Let n(p) = -p + 1. Let z(a) = -6 + a**2 - 10*a + 4*a + 2*a - 8*a. Let r be z(12). Determine n(r).
7
Let g be ((-5)/(-5))/(2/6). Let r(j) = 3 - j - g + 2. Suppose 0*i - 4*i - 8 = 0. Determine r(i).
4
Let k(u) = 2*u - 2. Let p be 1*(3 - 2) + -1. Let c = -6 - p. Let h be (-3)/2*(-16)/c. What is k(h)?
-10
Le